Last updated on 2019-05-01 01:51:47 CEST.
Flavor | Version | Tinstall | Tcheck | Ttotal | Status | Flags |
---|---|---|---|---|---|---|
r-devel-linux-x86_64-debian-clang | 1.1.3 | 105.90 | 117.62 | 223.52 | OK | |
r-devel-linux-x86_64-debian-gcc | 1.1.3 | 85.40 | 94.01 | 179.41 | OK | |
r-devel-linux-x86_64-fedora-clang | 1.1.3 | 309.44 | NOTE | |||
r-devel-linux-x86_64-fedora-gcc | 1.1.3 | 276.96 | OK | |||
r-patched-linux-x86_64 | 1.1.3 | 96.50 | 121.98 | 218.48 | OK | |
r-patched-solaris-x86 | 1.1.3 | 323.50 | OK | |||
r-release-linux-x86_64 | 1.1.3 | 95.04 | 122.20 | 217.24 | OK | |
r-release-windows-ix86+x86_64 | 1.1.3 | 190.00 | 248.00 | 438.00 | NOTE | |
r-release-osx-x86_64 | 1.1.3 | NOTE | ||||
r-oldrel-windows-ix86+x86_64 | 1.1.3 | 185.00 | 182.00 | 367.00 | NOTE | |
r-oldrel-osx-x86_64 | 1.1.3 | NOTE |
Version: 1.1.3
Check: installed package size
Result: NOTE
installed size is 26.4Mb
sub-directories of 1Mb or more:
libs 26.0Mb
Flavors: r-devel-linux-x86_64-fedora-clang, r-release-windows-ix86+x86_64, r-release-osx-x86_64, r-oldrel-windows-ix86+x86_64, r-oldrel-osx-x86_64