Last updated on 2019-05-01 01:51:47 CEST.
Flavor | Version | Tinstall | Tcheck | Ttotal | Status | Flags |
---|---|---|---|---|---|---|
r-devel-linux-x86_64-debian-clang | 0.3.0 | 6.58 | 49.16 | 55.74 | OK | |
r-devel-linux-x86_64-debian-gcc | 0.3.0 | 4.81 | 38.80 | 43.61 | OK | |
r-devel-linux-x86_64-fedora-clang | 0.3.0 | 64.78 | NOTE | |||
r-devel-linux-x86_64-fedora-gcc | 0.3.0 | 61.70 | NOTE | |||
r-patched-linux-x86_64 | 0.3.0 | 5.96 | 48.14 | 54.10 | OK | |
r-patched-solaris-x86 | 0.3.0 | 94.70 | NOTE | |||
r-release-linux-x86_64 | 0.3.0 | 5.47 | 48.00 | 53.47 | OK | |
r-release-windows-ix86+x86_64 | 0.3.0 | 19.00 | 105.00 | 124.00 | OK | |
r-release-osx-x86_64 | 0.3.0 | NOTE | ||||
r-oldrel-windows-ix86+x86_64 | 0.3.0 | 15.00 | 92.00 | 107.00 | OK | |
r-oldrel-osx-x86_64 | 0.3.0 | NOTE |
Version: 0.3.0
Check: dependencies in R code
Result: NOTE
Namespace in Imports field not imported from: ‘tibble’
All declared Imports should be used.
Flavors: r-devel-linux-x86_64-fedora-clang, r-devel-linux-x86_64-fedora-gcc, r-patched-solaris-x86, r-release-osx-x86_64, r-oldrel-osx-x86_64