Last updated on 2019-05-01 01:51:48 CEST.
Flavor | Version | Tinstall | Tcheck | Ttotal | Status | Flags |
---|---|---|---|---|---|---|
r-devel-linux-x86_64-debian-clang | 0.0.1 | 529.97 | 155.19 | 685.16 | OK | |
r-devel-linux-x86_64-debian-gcc | 0.0.1 | 468.83 | 132.24 | 601.07 | OK | |
r-devel-linux-x86_64-fedora-clang | 0.0.1 | 934.22 | NOTE | |||
r-devel-linux-x86_64-fedora-gcc | 0.0.1 | 923.16 | NOTE | |||
r-patched-linux-x86_64 | 0.0.1 | 513.44 | 154.62 | 668.06 | OK | |
r-patched-solaris-x86 | 0.0.1 | 1048.80 | NOTE | |||
r-release-linux-x86_64 | 0.0.1 | 512.37 | 151.33 | 663.70 | OK | |
r-release-windows-ix86+x86_64 | 0.0.1 | 840.00 | 272.00 | 1112.00 | NOTE | |
r-release-osx-x86_64 | 0.0.1 | FAIL | ||||
r-oldrel-windows-ix86+x86_64 | 0.0.1 | 808.00 | 253.00 | 1061.00 | NOTE | |
r-oldrel-osx-x86_64 | 0.0.1 | NOTE |
Version: 0.0.1
Check: installed package size
Result: NOTE
installed size is 27.8Mb
sub-directories of 1Mb or more:
R 27.6Mb
Flavors: r-devel-linux-x86_64-fedora-clang, r-patched-solaris-x86, r-release-windows-ix86+x86_64, r-release-osx-x86_64, r-oldrel-windows-ix86+x86_64, r-oldrel-osx-x86_64
Version: 0.0.1
Check: dependencies in R code
Result: NOTE
Namespace in Imports field not imported from: ‘base’
All declared Imports should be used.
Flavors: r-devel-linux-x86_64-fedora-clang, r-devel-linux-x86_64-fedora-gcc, r-patched-solaris-x86, r-release-osx-x86_64, r-oldrel-osx-x86_64
Version: 0.0.1
Check: tests
Result: ERROR
Running ‘testthat.R’ [63s/138s]
Running the tests in ‘tests/testthat.R’ failed.
Complete output:
> library(testthat)
> library(gqlr)
>
> test_check("gqlr")
══ testthat results ═══════════════════════════════════════════════════════════
OK: 450 SKIPPED: 0 FAILED: 0
Execution halted
Flavor: r-release-osx-x86_64
Version: 0.0.1
Check: PDF version of manual
Result: FAIL
Flavor: r-release-osx-x86_64