Last updated on 2019-05-01 01:51:48 CEST.
Flavor | Version | Tinstall | Tcheck | Ttotal | Status | Flags |
---|---|---|---|---|---|---|
r-devel-linux-x86_64-debian-clang | 0.4-7 | 1.69 | 22.13 | 23.82 | NOTE | |
r-devel-linux-x86_64-debian-gcc | 0.4-7 | 1.30 | 18.64 | 19.94 | NOTE | |
r-devel-linux-x86_64-fedora-clang | 0.4-7 | 29.74 | NOTE | |||
r-devel-linux-x86_64-fedora-gcc | 0.4-7 | 28.16 | NOTE | |||
r-patched-linux-x86_64 | 0.4-7 | 1.62 | 22.43 | 24.05 | NOTE | |
r-patched-solaris-x86 | 0.4-7 | 45.60 | NOTE | |||
r-release-linux-x86_64 | 0.4-7 | 1.54 | 22.22 | 23.76 | NOTE | |
r-release-windows-ix86+x86_64 | 0.4-7 | 7.00 | 60.00 | 67.00 | NOTE | |
r-release-osx-x86_64 | 0.4-7 | NOTE | ||||
r-oldrel-windows-ix86+x86_64 | 0.4-7 | 5.00 | 58.00 | 63.00 | NOTE | |
r-oldrel-osx-x86_64 | 0.4-7 | NOTE |
Version: 0.4-7
Check: DESCRIPTION meta-information
Result: NOTE
Malformed Description field: should contain one or more complete sentences.
Flavors: r-devel-linux-x86_64-debian-clang, r-devel-linux-x86_64-debian-gcc, r-devel-linux-x86_64-fedora-clang, r-devel-linux-x86_64-fedora-gcc, r-patched-linux-x86_64, r-patched-solaris-x86, r-release-linux-x86_64, r-release-windows-ix86+x86_64, r-release-osx-x86_64, r-oldrel-windows-ix86+x86_64, r-oldrel-osx-x86_64