CRAN Package Check Results for Package gtfsrouter

Last updated on 2019-05-01 01:51:48 CEST.

Flavor Version Tinstall Tcheck Ttotal Status Flags
r-devel-linux-x86_64-debian-clang 0.0.1 41.13 110.98 152.11 OK
r-devel-linux-x86_64-debian-gcc 0.0.1 35.44 111.75 147.19 OK
r-devel-linux-x86_64-fedora-clang 0.0.1 176.12 NOTE
r-devel-linux-x86_64-fedora-gcc 0.0.1 163.01 OK
r-patched-linux-x86_64 0.0.1 41.81 102.85 144.66 OK
r-patched-solaris-x86 0.0.1 182.20 OK
r-release-linux-x86_64 0.0.1 41.34 103.74 145.08 OK
r-release-windows-ix86+x86_64 0.0.1 119.00 192.00 311.00 OK
r-release-osx-x86_64 0.0.1 OK
r-oldrel-windows-ix86+x86_64 0.0.1 113.00 187.00 300.00 OK
r-oldrel-osx-x86_64 0.0.1 OK

Check Details

Version: 0.0.1
Check: installed package size
Result: NOTE
     installed size is 5.0Mb
     sub-directories of 1Mb or more:
     doc 2.1Mb
     libs 2.5Mb
Flavor: r-devel-linux-x86_64-fedora-clang