Last updated on 2019-05-01 01:51:48 CEST.
Flavor | Version | Tinstall | Tcheck | Ttotal | Status | Flags |
---|---|---|---|---|---|---|
r-devel-linux-x86_64-debian-clang | 0.1.4 | 6.58 | 56.39 | 62.97 | OK | |
r-devel-linux-x86_64-debian-gcc | 0.1.4 | 6.08 | 45.83 | 51.91 | OK | |
r-devel-linux-x86_64-fedora-clang | 0.1.4 | 76.92 | NOTE | |||
r-devel-linux-x86_64-fedora-gcc | 0.1.4 | 72.82 | NOTE | |||
r-patched-linux-x86_64 | 0.1.4 | 6.69 | 56.74 | 63.43 | OK | |
r-patched-solaris-x86 | 0.1.4 | 119.10 | NOTE | |||
r-release-linux-x86_64 | 0.1.4 | 6.84 | 55.98 | 62.82 | OK | |
r-release-windows-ix86+x86_64 | 0.1.4 | 18.00 | 102.00 | 120.00 | OK | |
r-release-osx-x86_64 | 0.1.4 | NOTE | ||||
r-oldrel-windows-ix86+x86_64 | 0.1.4 | 14.00 | 101.00 | 115.00 | OK | |
r-oldrel-osx-x86_64 | 0.1.4 | NOTE |
Version: 0.1.4
Check: data for non-ASCII characters
Result: NOTE
Note: found 13617 marked UTF-8 strings
Flavors: r-devel-linux-x86_64-fedora-clang, r-devel-linux-x86_64-fedora-gcc, r-patched-solaris-x86, r-release-osx-x86_64, r-oldrel-osx-x86_64