CRAN Package Check Results for Package gwer

Last updated on 2019-05-01 01:51:48 CEST.

Flavor Version Tinstall Tcheck Ttotal Status Flags
r-devel-linux-x86_64-debian-clang 1.0 12.08 112.43 124.51 OK
r-devel-linux-x86_64-debian-gcc 1.0 10.42 86.21 96.63 OK
r-devel-linux-x86_64-fedora-clang 1.0 148.22 NOTE
r-devel-linux-x86_64-fedora-gcc 1.0 142.18 NOTE
r-patched-linux-x86_64 1.0 10.46 109.74 120.20 OK
r-patched-solaris-x86 1.0 237.90 NOTE
r-release-linux-x86_64 1.0 11.03 112.70 123.73 OK
r-release-windows-ix86+x86_64 1.0 34.00 189.00 223.00 OK
r-release-osx-x86_64 1.0 NOTE
r-oldrel-windows-ix86+x86_64 1.0 27.00 137.00 164.00 OK
r-oldrel-osx-x86_64 1.0 NOTE

Check Details

Version: 1.0
Check: dependencies in R code
Result: NOTE
    Namespace in Imports field not imported from: ‘Matrix’
     All declared Imports should be used.
Flavors: r-devel-linux-x86_64-fedora-clang, r-devel-linux-x86_64-fedora-gcc, r-patched-solaris-x86, r-release-osx-x86_64, r-oldrel-osx-x86_64