CRAN Package Check Results for Package gyriq

Last updated on 2019-05-01 01:51:48 CEST.

Flavor Version Tinstall Tcheck Ttotal Status Flags
r-devel-linux-x86_64-debian-clang 1.0.2 7.22 75.02 82.24 OK
r-devel-linux-x86_64-debian-gcc 1.0.2 5.35 52.26 57.61 OK
r-devel-linux-x86_64-fedora-clang 1.0.2 97.08 NOTE
r-devel-linux-x86_64-fedora-gcc 1.0.2 93.61 NOTE
r-patched-linux-x86_64 1.0.2 7.19 71.32 78.51 OK
r-patched-solaris-x86 1.0.2 165.10 OK
r-release-linux-x86_64 1.0.2 7.45 75.06 82.51 OK
r-release-windows-ix86+x86_64 1.0.2 21.00 184.00 205.00 OK
r-release-osx-x86_64 1.0.2 OK
r-oldrel-windows-ix86+x86_64 1.0.2 15.00 167.00 182.00 OK
r-oldrel-osx-x86_64 1.0.2 OK

Check Details

Version: 1.0.2
Check: compiled code
Result: NOTE
    File ‘gyriq/libs/gyriq.so’:
     Found no calls to: ‘R_registerRoutines’, ‘R_useDynamicSymbols’
    
    It is good practice to register native routines and to disable symbol
    search.
    
    See ‘Writing portable packages’ in the ‘Writing R Extensions’ manual.
Flavors: r-devel-linux-x86_64-fedora-clang, r-devel-linux-x86_64-fedora-gcc