CRAN Package Check Results for Package helminthR

Last updated on 2019-05-01 01:51:48 CEST.

Flavor Version Tinstall Tcheck Ttotal Status Flags
r-devel-linux-x86_64-debian-clang 1.0.7 2.38 32.75 35.13 OK
r-devel-linux-x86_64-debian-gcc 1.0.7 2.23 26.54 28.77 OK
r-devel-linux-x86_64-fedora-clang 1.0.7 44.24 NOTE
r-devel-linux-x86_64-fedora-gcc 1.0.7 42.37 NOTE
r-patched-linux-x86_64 1.0.7 2.57 33.28 35.85 OK
r-patched-solaris-x86 1.0.7 65.90 NOTE
r-release-linux-x86_64 1.0.7 2.66 33.18 35.84 OK
r-release-windows-ix86+x86_64 1.0.7 8.00 66.00 74.00 OK
r-release-osx-x86_64 1.0.7 NOTE
r-oldrel-windows-ix86+x86_64 1.0.7 5.00 62.00 67.00 OK
r-oldrel-osx-x86_64 1.0.7 NOTE

Check Details

Version: 1.0.7
Check: dependencies in R code
Result: NOTE
    Namespaces in Imports field not imported from:
     ‘knitr’ ‘rmarkdown’
     All declared Imports should be used.
Flavors: r-devel-linux-x86_64-fedora-clang, r-devel-linux-x86_64-fedora-gcc, r-patched-solaris-x86, r-release-osx-x86_64, r-oldrel-osx-x86_64