CRAN Package Check Results for Package hyper2

Last updated on 2019-05-01 01:51:49 CEST.

Flavor Version Tinstall Tcheck Ttotal Status Flags
r-devel-linux-x86_64-debian-clang 1.0-6 17.51 97.69 115.20 OK
r-devel-linux-x86_64-debian-gcc 1.0-6 13.15 68.60 81.75 WARN
r-devel-linux-x86_64-fedora-clang 1.0-6 147.15 OK
r-devel-linux-x86_64-fedora-gcc 1.0-6 137.68 OK
r-patched-linux-x86_64 1.0-6 17.78 94.95 112.73 OK
r-patched-solaris-x86 1.0-6 207.20 OK
r-release-linux-x86_64 1.0-6 17.97 95.30 113.27 OK
r-release-windows-ix86+x86_64 1.0-6 54.00 232.00 286.00 NOTE
r-release-osx-x86_64 1.0-6 OK
r-oldrel-windows-ix86+x86_64 1.0-6 50.00 188.00 238.00 NOTE
r-oldrel-osx-x86_64 1.0-6 OK

Check Details

Version: 1.0-6
Check: re-building of vignette outputs
Result: WARN
    Error(s) in re-building vignettes:
     ...
    --- re-building ‘icons.Rmd’ using rmarkdown
    --- finished re-building ‘icons.Rmd’
    
    --- re-building ‘skating_analysis.Rmd’ using rmarkdown
    Quitting from lines 98-125 (skating_analysis.Rmd)
    Error: processing vignette 'skating_analysis.Rmd' failed with diagnostics:
    initial value in ‘vmmin’ is not finite
    --- failed re-building ‘skating_analysis.Rmd’
    
    --- re-building ‘table_tennis_serve.Rmd’ using rmarkdown
    --- finished re-building ‘table_tennis_serve.Rmd’
    
    --- re-building ‘hyper2.Rnw’ using Sweave
    Loading required package: cubature
    --- finished re-building ‘hyper2.Rnw’
    
    --- re-building ‘integration.Rnw’ using Sweave
    --- finished re-building ‘integration.Rnw’
    
    SUMMARY: processing the following file failed:
     ‘skating_analysis.Rmd’
    
    Error: Vignette re-building failed.
    Execution halted
Flavor: r-devel-linux-x86_64-debian-gcc

Version: 1.0-6
Check: installed package size
Result: NOTE
     installed size is 5.1Mb
     sub-directories of 1Mb or more:
     doc 3.1Mb
     libs 1.6Mb
Flavors: r-release-windows-ix86+x86_64, r-oldrel-windows-ix86+x86_64