CRAN Package Check Results for Package hyphenatr

Last updated on 2019-05-01 01:51:49 CEST.

Flavor Version Tinstall Tcheck Ttotal Status Flags
r-devel-linux-x86_64-debian-clang 0.3.0 17.06 25.57 42.63 ERROR
r-devel-linux-x86_64-debian-gcc 0.3.0 11.58 21.14 32.72 OK
r-devel-linux-x86_64-fedora-clang 0.3.0 55.19 NOTE
r-devel-linux-x86_64-fedora-gcc 0.3.0 51.03 NOTE
r-patched-linux-x86_64 0.3.0 14.42 25.79 40.21 OK
r-patched-solaris-x86 0.3.0 73.20 OK
r-release-linux-x86_64 0.3.0 12.13 25.48 37.61 OK
r-release-windows-ix86+x86_64 0.3.0 36.00 56.00 92.00 ERROR
r-release-osx-x86_64 0.3.0 OK
r-oldrel-windows-ix86+x86_64 0.3.0 42.00 75.00 117.00 ERROR
r-oldrel-osx-x86_64 0.3.0 OK

Check Details

Version: 0.3.0
Check: tests
Result: ERROR
     Running 'testthat.R' [1s/2s]
    Running the tests in 'tests/testthat.R' failed.
    Complete output:
     > library(testthat)
     > library(hyphenatr)
     >
     > test_check("hyphenatr")
     -- 1. Failure: we can do something (@test-hyphenatr.R#16) ---------------------
     `x` not equal to `expected`.
     1/1 mismatches
     x[1]: "tÀ=gelîch"
     y[1]: "tä=gelîch"
    
     == testthat results ===========================================================
     OK: 4 SKIPPED: 0 WARNINGS: 0 FAILED: 1
     1. Failure: we can do something (@test-hyphenatr.R#16)
    
     Error: testthat unit tests failed
     Execution halted
Flavor: r-devel-linux-x86_64-debian-clang

Version: 0.3.0
Check: compiled code
Result: NOTE
    File ‘hyphenatr/libs/hyphenatr.so’:
     Found no calls to: ‘R_registerRoutines’, ‘R_useDynamicSymbols’
    
    It is good practice to register native routines and to disable symbol
    search.
    
    See ‘Writing portable packages’ in the ‘Writing R Extensions’ manual.
Flavors: r-devel-linux-x86_64-fedora-clang, r-devel-linux-x86_64-fedora-gcc

Version: 0.3.0
Check: running tests for arch ‘i386’
Result: ERROR
     Running 'testthat.R' [1s]
    Running the tests in 'tests/testthat.R' failed.
    Complete output:
     > library(testthat)
     > library(hyphenatr)
     >
     > test_check("hyphenatr")
     -- 1. Failure: we can do something (@test-hyphenatr.R#16) ---------------------
     `x` not equal to `expected`.
     1/1 mismatches
     x[1]: "tä=gelîch"
     y[1]: "tä=gelîch"
    
     == testthat results ===========================================================
     OK: 4 SKIPPED: 0 WARNINGS: 0 FAILED: 1
     1. Failure: we can do something (@test-hyphenatr.R#16)
    
     Error: testthat unit tests failed
     Execution halted
Flavor: r-release-windows-ix86+x86_64

Version: 0.3.0
Check: running tests for arch ‘x64’
Result: ERROR
     Running 'testthat.R' [1s]
    Running the tests in 'tests/testthat.R' failed.
    Complete output:
     > library(testthat)
     > library(hyphenatr)
     >
     > test_check("hyphenatr")
     -- 1. Failure: we can do something (@test-hyphenatr.R#16) ---------------------
     `x` not equal to `expected`.
     1/1 mismatches
     x[1]: "tä=gelîch"
     y[1]: "tä=gelîch"
    
     == testthat results ===========================================================
     OK: 4 SKIPPED: 0 WARNINGS: 0 FAILED: 1
     1. Failure: we can do something (@test-hyphenatr.R#16)
    
     Error: testthat unit tests failed
     Execution halted
Flavor: r-release-windows-ix86+x86_64

Version: 0.3.0
Check: running tests for arch ‘i386’
Result: ERROR
     Running 'testthat.R' [2s]
    Running the tests in 'tests/testthat.R' failed.
    Complete output:
     > library(testthat)
     > library(hyphenatr)
     >
     > test_check("hyphenatr")
     -- 1. Failure: we can do something (@test-hyphenatr.R#16) ---------------------
     `x` not equal to `expected`.
     1/1 mismatches
     x[1]: "tä=gelîch"
     y[1]: "tä=gelîch"
    
     == testthat results ===========================================================
     OK: 4 SKIPPED: 0 WARNINGS: 0 FAILED: 1
     1. Failure: we can do something (@test-hyphenatr.R#16)
    
     Error: testthat unit tests failed
     Execution halted
Flavor: r-oldrel-windows-ix86+x86_64

Version: 0.3.0
Check: running tests for arch ‘x64’
Result: ERROR
     Running 'testthat.R' [2s]
    Running the tests in 'tests/testthat.R' failed.
    Complete output:
     > library(testthat)
     > library(hyphenatr)
     >
     > test_check("hyphenatr")
     -- 1. Failure: we can do something (@test-hyphenatr.R#16) ---------------------
     `x` not equal to `expected`.
     1/1 mismatches
     x[1]: "tä=gelîch"
     y[1]: "tä=gelîch"
    
     == testthat results ===========================================================
     OK: 4 SKIPPED: 0 WARNINGS: 0 FAILED: 1
     1. Failure: we can do something (@test-hyphenatr.R#16)
    
     Error: testthat unit tests failed
     Execution halted
Flavor: r-oldrel-windows-ix86+x86_64