Last updated on 2019-05-01 01:51:49 CEST.
Flavor | Version | Tinstall | Tcheck | Ttotal | Status | Flags |
---|---|---|---|---|---|---|
r-devel-linux-x86_64-debian-clang | 1.5 | 6.03 | 77.71 | 83.74 | OK | |
r-devel-linux-x86_64-debian-gcc | 1.5 | 6.06 | 58.32 | 64.38 | OK | |
r-devel-linux-x86_64-fedora-clang | 1.5 | 97.98 | OK | |||
r-devel-linux-x86_64-fedora-gcc | 1.5 | 97.87 | OK | |||
r-patched-linux-x86_64 | 1.5 | 5.59 | 75.66 | 81.25 | OK | |
r-patched-solaris-x86 | 1.5 | 183.50 | OK | |||
r-release-linux-x86_64 | 1.5 | 7.72 | 75.54 | 83.26 | OK | |
r-release-windows-ix86+x86_64 | 1.5 | 18.00 | 126.00 | 144.00 | OK | |
r-release-osx-x86_64 | 1.5 | ERROR | ||||
r-oldrel-windows-ix86+x86_64 | 1.5 | 11.00 | 120.00 | 131.00 | OK | |
r-oldrel-osx-x86_64 | 1.5 | OK |
Version: 1.5
Check: package dependencies
Result: ERROR
Package required but not available: ‘impute’
See section ‘The DESCRIPTION file’ in the ‘Writing R Extensions’
manual.
Flavor: r-release-osx-x86_64