Last updated on 2019-05-01 01:51:50 CEST.
Flavor | Version | Tinstall | Tcheck | Ttotal | Status | Flags |
---|---|---|---|---|---|---|
r-devel-linux-x86_64-debian-clang | 1.1-1 | 4.12 | 23.22 | 27.34 | OK | |
r-devel-linux-x86_64-debian-gcc | 1.1-1 | 2.77 | 19.15 | 21.92 | OK | |
r-devel-linux-x86_64-fedora-clang | 1.1-1 | 32.34 | NOTE | |||
r-devel-linux-x86_64-fedora-gcc | 1.1-1 | 30.68 | NOTE | |||
r-patched-linux-x86_64 | 1.1-1 | 3.59 | 23.26 | 26.85 | OK | |
r-patched-solaris-x86 | 1.1-1 | 52.60 | OK | |||
r-release-linux-x86_64 | 1.1-1 | 3.50 | 22.88 | 26.38 | OK | |
r-release-windows-ix86+x86_64 | 1.1-1 | 16.00 | 79.00 | 95.00 | OK | |
r-release-osx-x86_64 | 1.1-1 | OK | ||||
r-oldrel-windows-ix86+x86_64 | 1.1-1 | 15.00 | 64.00 | 79.00 | OK | |
r-oldrel-osx-x86_64 | 1.1-1 | OK |
Version: 1.1-1
Check: compiled code
Result: NOTE
File ‘iRafNet/libs/iRafNet.so’:
Found no calls to: ‘R_registerRoutines’, ‘R_useDynamicSymbols’
It is good practice to register native routines and to disable symbol
search.
See ‘Writing portable packages’ in the ‘Writing R Extensions’ manual.
Flavors: r-devel-linux-x86_64-fedora-clang, r-devel-linux-x86_64-fedora-gcc