CRAN Package Check Results for Package iSDM

Last updated on 2019-05-01 01:51:50 CEST.

Flavor Version Tinstall Tcheck Ttotal Status Flags
r-devel-linux-x86_64-debian-clang 1.0 2.46 22.28 24.74 OK
r-devel-linux-x86_64-debian-gcc 1.0 1.63 18.05 19.68 OK
r-devel-linux-x86_64-fedora-clang 1.0 29.07 NOTE
r-devel-linux-x86_64-fedora-gcc 1.0 27.59 NOTE
r-patched-linux-x86_64 1.0 1.91 22.12 24.03 OK
r-patched-solaris-x86 1.0 45.60 NOTE
r-release-linux-x86_64 1.0 2.32 22.08 24.40 OK
r-release-windows-ix86+x86_64 1.0 6.00 50.00 56.00 OK
r-release-osx-x86_64 1.0 NOTE
r-oldrel-windows-ix86+x86_64 1.0 4.00 50.00 54.00 OK
r-oldrel-osx-x86_64 1.0 NOTE

Check Details

Version: 1.0
Check: dependencies in R code
Result: NOTE
    Namespaces in Imports field not imported from:
     ‘colorRamps’ ‘virtualspecies’
     All declared Imports should be used.
Flavors: r-devel-linux-x86_64-fedora-clang, r-devel-linux-x86_64-fedora-gcc, r-patched-solaris-x86, r-release-osx-x86_64, r-oldrel-osx-x86_64