CRAN Package Check Results for Package ibm

Last updated on 2019-05-01 01:51:49 CEST.

Flavor Version Tinstall Tcheck Ttotal Status Flags
r-devel-linux-x86_64-debian-clang 0.1.0 10.04 23.70 33.74 OK
r-devel-linux-x86_64-debian-gcc 0.1.0 6.67 19.94 26.61 OK
r-devel-linux-x86_64-fedora-clang 0.1.0 42.64 NOTE
r-devel-linux-x86_64-fedora-gcc 0.1.0 39.00 NOTE
r-patched-linux-x86_64 0.1.0 7.48 23.97 31.45 OK
r-patched-solaris-x86 0.1.0 55.70 OK
r-release-linux-x86_64 0.1.0 9.25 23.75 33.00 OK
r-release-windows-ix86+x86_64 0.1.0 25.00 64.00 89.00 OK
r-release-osx-x86_64 0.1.0 OK
r-oldrel-windows-ix86+x86_64 0.1.0 25.00 55.00 80.00 OK
r-oldrel-osx-x86_64 0.1.0 OK

Check Details

Version: 0.1.0
Check: compiled code
Result: NOTE
    File ‘ibm/libs/ibm.so’:
     Found no calls to: ‘R_registerRoutines’, ‘R_useDynamicSymbols’
    
    It is good practice to register native routines and to disable symbol
    search.
    
    See ‘Writing portable packages’ in the ‘Writing R Extensions’ manual.
Flavors: r-devel-linux-x86_64-fedora-clang, r-devel-linux-x86_64-fedora-gcc