Last updated on 2019-05-01 01:51:49 CEST.
Flavor | Version | Tinstall | Tcheck | Ttotal | Status | Flags |
---|---|---|---|---|---|---|
r-devel-linux-x86_64-debian-clang | 1.0 | 56.02 | 31.56 | 87.58 | OK | |
r-devel-linux-x86_64-debian-gcc | 1.0 | 52.95 | 26.91 | 79.86 | OK | |
r-devel-linux-x86_64-fedora-clang | 1.0 | 121.15 | NOTE | |||
r-devel-linux-x86_64-fedora-gcc | 1.0 | 119.87 | NOTE | |||
r-patched-linux-x86_64 | 1.0 | 60.17 | 31.69 | 91.86 | OK | |
r-patched-solaris-x86 | 1.0 | 230.10 | NOTE | |||
r-release-linux-x86_64 | 1.0 | 56.30 | 31.29 | 87.59 | OK | |
r-release-windows-ix86+x86_64 | 1.0 | 96.00 | 59.00 | 155.00 | OK | |
r-release-osx-x86_64 | 1.0 | NOTE | ||||
r-oldrel-windows-ix86+x86_64 | 1.0 | 95.00 | 60.00 | 155.00 | OK | |
r-oldrel-osx-x86_64 | 1.0 | NOTE |
Version: 1.0
Check: data for non-ASCII characters
Result: NOTE
Note: found 55 marked UTF-8 strings
Flavors: r-devel-linux-x86_64-fedora-clang, r-devel-linux-x86_64-fedora-gcc, r-patched-solaris-x86, r-release-osx-x86_64, r-oldrel-osx-x86_64