Last updated on 2019-05-01 01:51:49 CEST.
Flavor | Version | Tinstall | Tcheck | Ttotal | Status | Flags |
---|---|---|---|---|---|---|
r-devel-linux-x86_64-debian-clang | 0.9.81 | 51.43 | 301.70 | 353.13 | WARN | |
r-devel-linux-x86_64-debian-gcc | 0.9.81 | 39.93 | 235.12 | 275.05 | OK | |
r-devel-linux-x86_64-fedora-clang | 0.9.81 | 527.28 | WARN | |||
r-devel-linux-x86_64-fedora-gcc | 0.9.81 | 426.68 | NOTE | |||
r-patched-linux-x86_64 | 0.9.81 | 51.33 | 291.29 | 342.62 | OK | |
r-patched-solaris-x86 | 0.9.81 | 505.20 | NOTE | |||
r-release-linux-x86_64 | 0.9.81 | 47.16 | 291.99 | 339.15 | OK | |
r-release-windows-ix86+x86_64 | 0.9.81 | 116.00 | 224.00 | 340.00 | NOTE | --no-vignettes |
r-release-osx-x86_64 | 0.9.81 | WARN | ||||
r-oldrel-windows-ix86+x86_64 | 0.9.81 | 110.00 | 204.00 | 314.00 | NOTE | --no-vignettes |
r-oldrel-osx-x86_64 | 0.9.81 | NOTE |
Version: 0.9.81
Check: whether package can be installed
Result: WARN
Found the following significant warnings:
RccpSource_.cpp:978:54: warning: explicitly assigning value of variable of type 'Rcpp::NumericVector' (aka 'Vector<14>') to itself [-Wself-assign-overloaded]
Flavors: r-devel-linux-x86_64-debian-clang, r-devel-linux-x86_64-fedora-clang
Version: 0.9.81
Check: installed package size
Result: NOTE
installed size is 6.5Mb
sub-directories of 1Mb or more:
doc 1.9Mb
extdata 1.4Mb
libs 2.4Mb
Flavors: r-devel-linux-x86_64-fedora-clang, r-release-osx-x86_64, r-oldrel-osx-x86_64
Version: 0.9.81
Check: dependencies in R code
Result: NOTE
Namespace in Imports field not imported from: ‘rgdal’
All declared Imports should be used.
Flavors: r-devel-linux-x86_64-fedora-clang, r-devel-linux-x86_64-fedora-gcc, r-patched-solaris-x86, r-release-osx-x86_64, r-oldrel-osx-x86_64
Version: 0.9.81
Flags: --no-vignettes
Check: installed package size
Result: NOTE
installed size is 5.9Mb
sub-directories of 1Mb or more:
doc 1.9Mb
extdata 1.4Mb
libs 1.9Mb
Flavors: r-release-windows-ix86+x86_64, r-oldrel-windows-ix86+x86_64
Version: 0.9.81
Check: whether package can be installed
Result: WARN
Found the following significant warnings:
RccpSource_.cpp:978:54: warning: explicitly assigning value of variable of type 'Rcpp::NumericVector' (aka 'Vector<14>') to itself [-Wself-assign-overloaded]
Warning: 'rgl_init' failed, running with rgl.useNULL = TRUE
Flavor: r-release-osx-x86_64