Last updated on 2019-05-01 01:51:49 CEST.
Flavor | Version | Tinstall | Tcheck | Ttotal | Status | Flags |
---|---|---|---|---|---|---|
r-devel-linux-x86_64-debian-clang | 0.8.5 | 25.19 | 148.05 | 173.24 | NOTE | |
r-devel-linux-x86_64-debian-gcc | 0.8.5 | 20.96 | 114.82 | 135.78 | NOTE | |
r-devel-linux-x86_64-fedora-clang | 0.8.5 | 210.80 | NOTE | |||
r-devel-linux-x86_64-fedora-gcc | 0.8.5 | 204.76 | NOTE | |||
r-patched-linux-x86_64 | 0.8.5 | 25.17 | 144.07 | 169.24 | NOTE | |
r-patched-solaris-x86 | 0.8.5 | 308.90 | NOTE | |||
r-release-linux-x86_64 | 0.8.5 | 26.48 | 146.32 | 172.80 | NOTE | |
r-release-windows-ix86+x86_64 | 0.8.5 | 44.00 | 198.00 | 242.00 | NOTE | |
r-release-osx-x86_64 | 0.8.5 | NOTE | ||||
r-oldrel-windows-ix86+x86_64 | 0.8.5 | 35.00 | 133.00 | 168.00 | NOTE | |
r-oldrel-osx-x86_64 | 0.8.5 | NOTE |
Version: 0.8.5
Check: package dependencies
Result: NOTE
Package suggested but not available for checking: 'ie2miscdata'
Flavors: r-devel-linux-x86_64-debian-clang, r-devel-linux-x86_64-debian-gcc, r-devel-linux-x86_64-fedora-clang, r-devel-linux-x86_64-fedora-gcc, r-patched-linux-x86_64, r-patched-solaris-x86, r-release-linux-x86_64, r-release-windows-ix86+x86_64, r-release-osx-x86_64, r-oldrel-windows-ix86+x86_64, r-oldrel-osx-x86_64