Last updated on 2019-05-01 01:51:49 CEST.
Flavor | Version | Tinstall | Tcheck | Ttotal | Status | Flags |
---|---|---|---|---|---|---|
r-devel-linux-x86_64-debian-clang | 0.3.2 | 2.66 | 17.31 | 19.97 | OK | |
r-devel-linux-x86_64-debian-gcc | 0.3.2 | 1.99 | 14.63 | 16.62 | OK | |
r-devel-linux-x86_64-fedora-clang | 0.3.2 | 24.40 | NOTE | |||
r-devel-linux-x86_64-fedora-gcc | 0.3.2 | 23.09 | NOTE | |||
r-patched-linux-x86_64 | 0.3.2 | 2.26 | 17.42 | 19.68 | OK | |
r-patched-solaris-x86 | 0.3.2 | 38.40 | OK | |||
r-release-linux-x86_64 | 0.3.2 | 2.29 | 17.44 | 19.73 | OK | |
r-release-windows-ix86+x86_64 | 0.3.2 | 13.00 | 55.00 | 68.00 | OK | |
r-release-osx-x86_64 | 0.3.2 | OK | ||||
r-oldrel-windows-ix86+x86_64 | 0.3.2 | 12.00 | 53.00 | 65.00 | OK | |
r-oldrel-osx-x86_64 | 0.3.2 | OK |
Version: 0.3.2
Check: compiled code
Result: NOTE
File ‘ifctools/libs/ifctools.so’:
Found no calls to: ‘R_registerRoutines’, ‘R_useDynamicSymbols’
It is good practice to register native routines and to disable symbol
search.
See ‘Writing portable packages’ in the ‘Writing R Extensions’ manual.
Flavors: r-devel-linux-x86_64-fedora-clang, r-devel-linux-x86_64-fedora-gcc