CRAN Package Check Results for Package igraph

Last updated on 2019-05-01 01:51:49 CEST.

Flavor Version Tinstall Tcheck Ttotal Status Flags
r-devel-linux-x86_64-debian-clang 1.2.4.1 238.03 252.09 490.12 OK
r-devel-linux-x86_64-debian-gcc 1.2.4.1 156.41 196.40 352.81 OK
r-devel-linux-x86_64-fedora-clang 1.2.4.1 626.96 NOTE
r-devel-linux-x86_64-fedora-gcc 1.2.4.1 551.05 OK
r-patched-linux-x86_64 1.2.4.1 188.00 251.71 439.71 OK
r-patched-solaris-x86 1.2.4.1 905.10 NOTE
r-release-linux-x86_64 1.2.4.1 184.83 250.62 435.45 OK
r-release-windows-ix86+x86_64 1.2.4.1 741.00 794.00 1535.00 NOTE
r-release-osx-x86_64 1.2.4.1 NOTE
r-oldrel-windows-ix86+x86_64 1.2.4.1 692.00 589.00 1281.00 NOTE
r-oldrel-osx-x86_64 1.2.4.1 NOTE

Check Details

Version: 1.2.4.1
Check: installed package size
Result: NOTE
     installed size is 16.1Mb
     sub-directories of 1Mb or more:
     R 1.4Mb
     help 1.1Mb
     libs 13.1Mb
Flavors: r-devel-linux-x86_64-fedora-clang, r-patched-solaris-x86, r-release-windows-ix86+x86_64, r-release-osx-x86_64, r-oldrel-windows-ix86+x86_64, r-oldrel-osx-x86_64

Version: 1.2.4.1
Check: whether package can be installed
Result: NOTE
    Found the following notes/warnings:
     Non-staged installation was used
Flavor: r-release-windows-ix86+x86_64

Version: 1.2.4.1
Check: package dependencies
Result: NOTE
    Package suggested but not available for checking: ‘graph’
Flavor: r-release-osx-x86_64