CRAN Package Check Results for Package imbalance

Last updated on 2019-05-01 01:51:49 CEST.

Flavor Version Tinstall Tcheck Ttotal Status Flags
r-devel-linux-x86_64-debian-clang 1.0.0 40.91 90.20 131.11 NOTE
r-devel-linux-x86_64-debian-gcc 1.0.0 34.98 68.69 103.67 NOTE
r-devel-linux-x86_64-fedora-clang 1.0.0 175.10 NOTE
r-devel-linux-x86_64-fedora-gcc 1.0.0 161.63 NOTE
r-patched-linux-x86_64 1.0.0 41.48 88.88 130.36 NOTE
r-patched-solaris-x86 1.0.0 192.20 OK
r-release-linux-x86_64 1.0.0 44.23 100.08 144.31 NOTE
r-release-windows-ix86+x86_64 1.0.0 117.00 218.00 335.00 OK
r-release-osx-x86_64 1.0.0 OK
r-oldrel-windows-ix86+x86_64 1.0.0 120.00 204.00 324.00 OK
r-oldrel-osx-x86_64 1.0.0 OK

Check Details

Version: 1.0.0
Check: use of SHLIB_OPENMP_*FLAGS in Makefiles
Result: NOTE
     src/Makevars: SHLIB_OPENMP_CXXFLAGS is included in PKG_CXXFLAGS but not in PKG_LIBS
     src/Makevars: SHLIB_OPENMP_CFLAGS is included in PKG_LIBS but linking is by C++
     src/Makevars.win: SHLIB_OPENMP_CXXFLAGS is included in PKG_CXXFLAGS but not in PKG_LIBS
     src/Makevars.win: SHLIB_OPENMP_CFLAGS is included in PKG_LIBS but linking is by C++
    Use of these macros is discussed in sect 1.2.1.1 of 'Writing R
    Extensions'. The macros for different languages may differ so the
    matching macro must be used in PKG_CXXFLAGS (etc) and match that used
    in PKG_LIBS (except for Fortran: see the manual).
Flavors: r-devel-linux-x86_64-debian-clang, r-devel-linux-x86_64-debian-gcc, r-devel-linux-x86_64-fedora-clang, r-devel-linux-x86_64-fedora-gcc, r-patched-linux-x86_64, r-release-linux-x86_64