CRAN Package Check Results for Package inspectdf

Last updated on 2019-05-01 01:51:49 CEST.

Flavor Version Tinstall Tcheck Ttotal Status Flags
r-devel-linux-x86_64-debian-clang 0.0.1 23.13 44.37 67.50 OK
r-devel-linux-x86_64-debian-gcc 0.0.1 16.57 34.20 50.77 OK
r-devel-linux-x86_64-fedora-clang 0.0.1 89.81 NOTE
r-devel-linux-x86_64-fedora-gcc 0.0.1 83.32 NOTE
r-patched-linux-x86_64 0.0.1 21.46 43.33 64.79 OK
r-patched-solaris-x86 0.0.1 92.50 NOTE
r-release-linux-x86_64 0.0.1 22.43 43.01 65.44 OK
r-release-windows-ix86+x86_64 0.0.1 47.00 78.00 125.00 OK
r-release-osx-x86_64 0.0.1 NOTE
r-oldrel-windows-ix86+x86_64 0.0.1 46.00 82.00 128.00 OK
r-oldrel-osx-x86_64 0.0.1 NOTE

Check Details

Version: 0.0.1
Check: dependencies in R code
Result: NOTE
    Namespace in Imports field not imported from: ‘Rcpp’
     All declared Imports should be used.
Flavors: r-devel-linux-x86_64-fedora-clang, r-devel-linux-x86_64-fedora-gcc, r-patched-solaris-x86, r-release-osx-x86_64, r-oldrel-osx-x86_64