Last updated on 2019-05-01 01:51:50 CEST.
Flavor | Version | Tinstall | Tcheck | Ttotal | Status | Flags |
---|---|---|---|---|---|---|
r-devel-linux-x86_64-debian-clang | 0.1.0 | 1.91 | 20.33 | 22.24 | OK | |
r-devel-linux-x86_64-debian-gcc | 0.1.0 | 1.39 | 16.54 | 17.93 | OK | |
r-devel-linux-x86_64-fedora-clang | 0.1.0 | 27.29 | NOTE | |||
r-devel-linux-x86_64-fedora-gcc | 0.1.0 | 24.76 | NOTE | |||
r-patched-linux-x86_64 | 0.1.0 | 2.03 | 19.83 | 21.86 | OK | |
r-patched-solaris-x86 | 0.1.0 | 39.30 | NOTE | |||
r-release-linux-x86_64 | 0.1.0 | 1.99 | 19.73 | 21.72 | OK | |
r-release-windows-ix86+x86_64 | 0.1.0 | 9.00 | 45.00 | 54.00 | OK | |
r-release-osx-x86_64 | 0.1.0 | NOTE | ||||
r-oldrel-windows-ix86+x86_64 | 0.1.0 | 4.00 | 35.00 | 39.00 | OK | |
r-oldrel-osx-x86_64 | 0.1.0 | NOTE |
Version: 0.1.0
Check: dependencies in R code
Result: NOTE
Namespace in Imports field not imported from: ‘curl’
All declared Imports should be used.
Flavors: r-devel-linux-x86_64-fedora-clang, r-devel-linux-x86_64-fedora-gcc, r-patched-solaris-x86, r-release-osx-x86_64, r-oldrel-osx-x86_64