CRAN Package Check Results for Package iplots

Last updated on 2019-05-01 01:51:50 CEST.

Flavor Version Tinstall Tcheck Ttotal Status Flags
r-devel-linux-x86_64-debian-clang 1.1-7.1 5.97 58.08 64.05 NOTE
r-devel-linux-x86_64-debian-gcc 1.1-7.1 4.97 46.69 51.66 NOTE
r-devel-linux-x86_64-fedora-clang 1.1-7.1 80.05 NOTE
r-devel-linux-x86_64-fedora-gcc 1.1-7.1 75.73 NOTE
r-patched-linux-x86_64 1.1-7.1 6.87 58.16 65.03 NOTE
r-patched-solaris-x86 1.1-7.1 81.90 OK
r-release-linux-x86_64 1.1-7.1 6.12 58.76 64.88 NOTE
r-release-windows-ix86+x86_64 1.1-7.1 14.00 73.00 87.00 OK
r-release-osx-x86_64 1.1-7.1 NOTE --install=fake
r-oldrel-windows-ix86+x86_64 1.1-7.1 10.00 51.00 61.00 OK
r-oldrel-osx-x86_64 1.1-7.1 NOTE --install=fake

Check Details

Version: 1.1-7.1
Check: top-level files
Result: NOTE
    Non-standard file/directory found at top level:
     'version'
Flavors: r-devel-linux-x86_64-debian-clang, r-devel-linux-x86_64-debian-gcc, r-devel-linux-x86_64-fedora-clang, r-devel-linux-x86_64-fedora-gcc, r-patched-linux-x86_64, r-release-linux-x86_64

Version: 1.1-7.1
Flags: --install=fake
Check: R code for possible problems
Result: NOTE
    .get.plot.obj: no visible binding for global variable ‘.iplots’
    .iDebug: no visible binding for global variable ‘.iplots.fw’
    .iobj.color: no visible binding for global variable ‘.iplot.current’
    .iobj.opt: no visible binding for global variable ‘.iplot.current’
    .iplot.get.by.pm: no visible binding for global variable ‘.iplots’
    .iplot.getPar: no visible binding for global variable ‘.iplot.current’
    .iplot.iBar: no visible binding for global variable ‘.iplots.fw’
    .iplot.iBox: no visible binding for global variable ‘.iplots.fw’
    .iplot.iHammock: no visible binding for global variable ‘.iplots.fw’
    .iplot.iHist: no visible binding for global variable ‘.iplots.fw’
    .iplot.iMap: no visible binding for global variable ‘.iplots.fw’
    .iplot.iMosaic: no visible binding for global variable ‘.iplots.fw’
    .iplot.iPCP: no visible binding for global variable ‘.iplots.fw’
    .iplot.iPlot: no visible binding for global variable ‘.iplots.fw’
    .iplot.new: no visible binding for '<<-' assignment to ‘.iplots’
    .iplot.new: no visible binding for global variable ‘.iplots’
    .iplot.new: no visible binding for '<<-' assignment to ‘.iplot.current’
    .iplot.new: no visible binding for '<<-' assignment to ‘.iplot.curid’
    .iplot.opt: no visible binding for global variable ‘.iplots.fw’
    .iplot.opt: no visible binding for global variable ‘.iplots’
    .iset.save: no visible binding for '<<-' assignment to ‘.isets’
    .iset.save: no visible binding for global variable ‘.isets’
    .iset.save: no visible binding for global variable ‘.iplots’
    .iset.save: no visible binding for global variable ‘.iplot.curid’
    .iset.save: no visible binding for global variable ‘.iplot.current’
    .ivar.check.length: no visible binding for global variable ‘.iplots.fw’
    ievent.wait: no visible binding for global variable ‘.restricted.el’
    ievent.wait: no visible binding for global variable ‘.iplots.fw’
    iplot.backend: no visible binding for global variable ‘.iplots.fw’
    iplot.cur: no visible binding for global variable ‘.iplot.curid’
    iplot.data: no visible binding for global variable ‘.iplot.current’
    iplot.data: no visible binding for global variable ‘.iplots.fw’
    iplot.list: no visible binding for global variable ‘.iplots’
    iplot.location: no visible binding for global variable ‘.iplots’
    iplot.next: no visible binding for global variable ‘.iplots’
    iplot.off: no visible binding for global variable ‘.iplots’
    iplot.off: no visible binding for '<<-' assignment to ‘.iplots’
    iplot.off: no visible binding for '<<-' assignment to ‘.iplot.current’
    iplot.off: no visible binding for '<<-' assignment to ‘.iplot.curid’
    iplot.opt: no visible binding for global variable ‘.iplots’
    iplot.prev: no visible binding for global variable ‘.iplots’
    iplot.resetZoom: no visible binding for global variable
     ‘.iplot.current’
    iplot.rotate: no visible binding for global variable ‘.iplot.current’
    iplot.set: no visible binding for global variable ‘.iplots’
    iplot.set: no visible binding for '<<-' assignment to ‘.iplot.current’
    iplot.set: no visible binding for '<<-' assignment to ‘.iplot.curid’
    iplot.setExtendedQuery: no visible binding for global variable
     ‘.iplot.curid’
    iplot.setExtendedQuery: no visible binding for global variable
     ‘.iplots.fw’
    iplot.size: no visible binding for global variable ‘.iplots’
    iplot.zoomIn: no visible binding for global variable ‘.iplot.current’
    iplot.zoomOut: no visible binding for global variable ‘.iplot.current’
    iset: no visible binding for global variable ‘.iplots.fw’
    iset.brush: no visible binding for global variable ‘.iplots.fw’
    iset.brush: no visible binding for global variable ‘.iplot.current’
    iset.cur: no visible binding for global variable ‘.iplots.fw’
    iset.list: no visible binding for global variable ‘.iplots.fw’
    iset.new: no visible binding for global variable ‘.iplots.fw’
    iset.new: no visible binding for '<<-' assignment to ‘.iplots’
    iset.new: no visible binding for '<<-' assignment to ‘.iplot.current’
    iset.new: no visible binding for '<<-' assignment to ‘.iplot.curid’
    iset.next: no visible binding for global variable ‘.iplots.fw’
    iset.prev: no visible binding for global variable ‘.iplots.fw’
    iset.rm: no visible binding for global variable ‘.iplots.fw’
    iset.rm: no visible binding for global variable ‘.isets’
    iset.rm: no visible binding for '<<-' assignment to ‘.isets’
    iset.rm: no visible binding for '<<-' assignment to ‘.iplots’
    iset.rm: no visible binding for '<<-' assignment to ‘.iplot.curid’
    iset.rm: no visible binding for '<<-' assignment to ‘.iplot.current’
    iset.sel.changed: no visible binding for global variable
     ‘.iset.selection’
    iset.sel.changed: no visible binding for '<<-' assignment to
     ‘.iset.selection’
    iset.select: no visible binding for global variable ‘.iplots.fw’
    iset.selectAll: no visible binding for global variable ‘.iplots.fw’
    iset.selectNone: no visible binding for global variable ‘.iplots.fw’
    iset.selected: no visible binding for global variable ‘.iplots.fw’
    iset.set: no visible binding for global variable ‘.iplots.fw’
    iset.set: no visible binding for '<<-' assignment to ‘.iplots’
    iset.set: no visible binding for global variable ‘.isets’
    iset.set: no visible binding for '<<-' assignment to ‘.iplot.curid’
    iset.set: no visible binding for '<<-' assignment to ‘.iplot.current’
    iset.updateVars: no visible binding for global variable ‘.iplots.fw’
    isets: no visible binding for global variable ‘.iplots.fw’
    ivar.data: no visible binding for global variable ‘.iplots.fw’
    ivar.new: no visible binding for global variable ‘.iplots.fw’
    ivar.new.map: no visible binding for global variable ‘.iplots.fw’
    ivar.update: no visible binding for global variable ‘.iplots.fw’
    Undefined global functions or variables:
     .iplot.curid .iplot.current .iplots .iplots.fw .iset.selection .isets
     .restricted.el
Flavors: r-release-osx-x86_64, r-oldrel-osx-x86_64