CRAN Package Check Results for Package iptools

Last updated on 2019-05-01 01:51:50 CEST.

Flavor Version Tinstall Tcheck Ttotal Status Flags
r-devel-linux-x86_64-debian-clang 0.6.1 39.17 37.93 77.10 OK
r-devel-linux-x86_64-debian-gcc 0.6.1 32.15 31.23 63.38 OK
r-devel-linux-x86_64-fedora-clang 0.6.1 109.42 NOTE
r-devel-linux-x86_64-fedora-gcc 0.6.1 100.59 NOTE
r-patched-linux-x86_64 0.6.1 38.12 37.88 76.00 OK
r-release-linux-x86_64 0.6.1 36.16 38.07 74.23 OK
r-release-windows-ix86+x86_64 0.6.1 129.00 107.00 236.00 OK
r-release-osx-x86_64 0.6.1 NOTE
r-oldrel-windows-ix86+x86_64 0.6.1 127.00 104.00 231.00 OK
r-oldrel-osx-x86_64 0.6.1 NOTE

Additional issues

clang-UBSAN

Check Details

Version: 0.6.1
Check: data for non-ASCII characters
Result: NOTE
     Note: found 12 marked UTF-8 strings
Flavors: r-devel-linux-x86_64-fedora-clang, r-devel-linux-x86_64-fedora-gcc, r-release-osx-x86_64, r-oldrel-osx-x86_64