Last updated on 2019-05-01 01:51:50 CEST.
Flavor | Version | Tinstall | Tcheck | Ttotal | Status | Flags |
---|---|---|---|---|---|---|
r-devel-linux-x86_64-debian-clang | 0.2.0 | 64.70 | 48.90 | 113.60 | OK | |
r-devel-linux-x86_64-debian-gcc | 0.2.0 | 56.23 | 39.88 | 96.11 | OK | |
r-devel-linux-x86_64-fedora-clang | 0.2.0 | 170.08 | NOTE | |||
r-devel-linux-x86_64-fedora-gcc | 0.2.0 | 154.82 | OK | |||
r-patched-linux-x86_64 | 0.2.0 | 65.50 | 48.44 | 113.94 | OK | |
r-patched-solaris-x86 | 0.2.0 | 147.00 | OK | |||
r-release-linux-x86_64 | 0.2.0 | 68.48 | 48.15 | 116.63 | OK | |
r-release-windows-ix86+x86_64 | 0.2.0 | 186.00 | 118.00 | 304.00 | OK | |
r-release-osx-x86_64 | 0.2.0 | NOTE | ||||
r-oldrel-windows-ix86+x86_64 | 0.2.0 | 180.00 | 109.00 | 289.00 | OK | |
r-oldrel-osx-x86_64 | 0.2.0 | NOTE |
Version: 0.2.0
Check: installed package size
Result: NOTE
installed size is 9.0Mb
sub-directories of 1Mb or more:
doc 1.1Mb
libs 6.7Mb
Flavors: r-devel-linux-x86_64-fedora-clang, r-release-osx-x86_64, r-oldrel-osx-x86_64