Last updated on 2019-05-01 01:51:50 CEST.
Flavor | Version | Tinstall | Tcheck | Ttotal | Status | Flags |
---|---|---|---|---|---|---|
r-devel-linux-x86_64-debian-clang | 0.1.0 | 16.32 | 34.61 | 50.93 | OK | |
r-devel-linux-x86_64-debian-gcc | 0.1.0 | 12.49 | 27.12 | 39.61 | OK | |
r-devel-linux-x86_64-fedora-clang | 0.1.0 | 67.62 | NOTE | |||
r-devel-linux-x86_64-fedora-gcc | 0.1.0 | 59.65 | NOTE | |||
r-patched-linux-x86_64 | 0.1.0 | 14.85 | 34.18 | 49.03 | OK | |
r-patched-solaris-x86 | 0.1.0 | 84.40 | NOTE | |||
r-release-linux-x86_64 | 0.1.0 | 16.49 | 33.88 | 50.37 | OK | |
r-release-windows-ix86+x86_64 | 0.1.0 | 61.00 | 109.00 | 170.00 | OK | |
r-release-osx-x86_64 | 0.1.0 | ERROR | ||||
r-oldrel-windows-ix86+x86_64 | 0.1.0 | 53.00 | 69.00 | 122.00 | OK | |
r-oldrel-osx-x86_64 | 0.1.0 | NOTE |
Version: 0.1.0
Check: dependencies in R code
Result: NOTE
Namespaces in Imports field not imported from:
‘Rcpp’ ‘dplyr’ ‘magrittr’
All declared Imports should be used.
Flavors: r-devel-linux-x86_64-fedora-clang, r-devel-linux-x86_64-fedora-gcc, r-patched-solaris-x86, r-oldrel-osx-x86_64
Version: 0.1.0
Check: package dependencies
Result: ERROR
Package required but not available: ‘qvalue’
See section ‘The DESCRIPTION file’ in the ‘Writing R Extensions’
manual.
Flavor: r-release-osx-x86_64