Last updated on 2019-05-01 01:51:50 CEST.
Flavor | Version | Tinstall | Tcheck | Ttotal | Status | Flags |
---|---|---|---|---|---|---|
r-devel-linux-x86_64-debian-clang | 1.0.1 | 2.91 | 26.77 | 29.68 | OK | |
r-devel-linux-x86_64-debian-gcc | 1.0.1 | 2.32 | 21.76 | 24.08 | OK | |
r-devel-linux-x86_64-fedora-clang | 1.0.1 | 35.47 | OK | |||
r-devel-linux-x86_64-fedora-gcc | 1.0.1 | 33.98 | OK | |||
r-patched-linux-x86_64 | 1.0.1 | 3.13 | 26.55 | 29.68 | OK | |
r-patched-solaris-x86 | 1.0.1 | 56.40 | NOTE | |||
r-release-linux-x86_64 | 1.0.1 | 2.98 | 26.29 | 29.27 | OK | |
r-release-windows-ix86+x86_64 | 1.0.1 | 13.00 | 54.00 | 67.00 | OK | |
r-release-osx-x86_64 | 1.0.1 | OK | ||||
r-oldrel-windows-ix86+x86_64 | 1.0.1 | 10.00 | 41.00 | 51.00 | OK | |
r-oldrel-osx-x86_64 | 1.0.1 | OK |
Version: 1.0.1
Check: installed package size
Result: NOTE
installed size is 5.1Mb
sub-directories of 1Mb or more:
htmlwidgets 5.0Mb
Flavor: r-patched-solaris-x86