CRAN Package Check Results for Package jtools

Last updated on 2019-05-01 01:51:50 CEST.

Flavor Version Tinstall Tcheck Ttotal Status Flags
r-devel-linux-x86_64-debian-clang 2.0.1 10.68 160.05 170.73 OK
r-devel-linux-x86_64-debian-gcc 2.0.1 9.01 121.33 130.34 OK
r-devel-linux-x86_64-fedora-clang 2.0.1 191.07 OK
r-devel-linux-x86_64-fedora-gcc 2.0.1 186.34 OK
r-patched-linux-x86_64 2.0.1 9.22 154.68 163.90 OK
r-patched-solaris-x86 2.0.1 238.10 OK
r-release-linux-x86_64 2.0.1 9.13 152.49 161.62 OK
r-release-windows-ix86+x86_64 2.0.1 18.00 151.00 169.00 OK
r-release-osx-x86_64 2.0.1 OK
r-oldrel-windows-ix86+x86_64 2.0.1 21.00 195.00 216.00 WARN
r-oldrel-osx-x86_64 2.0.1 OK

Check Details

Version: 2.0.1
Check: whether package can be installed
Result: WARN
    Found the following significant warnings:
     Warning: S3 methods '[.fun_list', '[.grouped_df', 'all.equal.tbl_df', 'anti_join.data.frame', 'anti_join.tbl_df', 'arrange.data.frame', 'arrange.default', 'arrange.grouped_df', 'arrange.tbl_df', 'arrange_.data.frame', 'arrange_.tbl_df', 'as.data.frame.grouped_df', 'as.data.frame.rowwise_df', 'as.data.frame.tbl_cube', 'as.table.tbl_cube', 'as.tbl.data.frame', 'as.tbl.tbl', 'as.tbl_cube.array', 'as.tbl_cube.data.frame', 'as.tbl_cube.matrix', 'as.tbl_cube.table', 'as_tibble.grouped_df', 'as_tibble.tbl_cube', 'auto_copy.tbl_cube', 'auto_copy.tbl_df', 'cbind.grouped_df', 'collapse.data.frame', 'collect.data.frame', 'common_by.NULL', 'common_by.character', 'common_by.default', 'common_by.list', 'compute.data.frame', 'copy_to.DBIConnection', 'copy_to.src_local', 'default_missing.data.frame', 'default_missing.default', 'dim.tbl_cube', 'distinct.data.frame', 'distinct.default', 'distinct.grouped_df', 'distinct.tbl_df', 'distinct_.data.frame', 'distinct_.grouped_df', 'distinct_.tbl_df', 'do.NULL', 'do.da [... truncated]
Flavor: r-oldrel-windows-ix86+x86_64