Last updated on 2019-05-01 01:51:50 CEST.
Flavor | Version | Tinstall | Tcheck | Ttotal | Status | Flags |
---|---|---|---|---|---|---|
r-devel-linux-x86_64-debian-clang | 0.1.0 | 5.16 | 48.02 | 53.18 | OK | |
r-devel-linux-x86_64-debian-gcc | 0.1.0 | 3.99 | 38.14 | 42.13 | OK | |
r-devel-linux-x86_64-fedora-clang | 0.1.0 | 64.77 | OK | |||
r-devel-linux-x86_64-fedora-gcc | 0.1.0 | 59.29 | OK | |||
r-patched-linux-x86_64 | 0.1.0 | 4.67 | 48.17 | 52.84 | OK | |
r-patched-solaris-x86 | 0.1.0 | 112.00 | OK | |||
r-release-linux-x86_64 | 0.1.0 | 4.69 | 47.43 | 52.12 | OK | |
r-release-windows-ix86+x86_64 | 0.1.0 | 16.00 | 89.00 | 105.00 | OK | |
r-release-osx-x86_64 | 0.1.0 | WARN | ||||
r-oldrel-windows-ix86+x86_64 | 0.1.0 | 14.00 | 64.00 | 78.00 | OK | |
r-oldrel-osx-x86_64 | 0.1.0 | OK |
Version: 0.1.0
Check: whether package can be installed
Result: WARN
Found the following significant warnings:
Warning: 'rgl_init' failed, running with rgl.useNULL = TRUE
Flavor: r-release-osx-x86_64