Last updated on 2019-05-01 01:51:50 CEST.
Flavor | Version | Tinstall | Tcheck | Ttotal | Status | Flags |
---|---|---|---|---|---|---|
r-devel-linux-x86_64-debian-clang | 0.11-5 | 16.19 | 98.48 | 114.67 | NOTE | |
r-devel-linux-x86_64-debian-gcc | 0.11-5 | 14.73 | 75.73 | 90.46 | NOTE | |
r-devel-linux-x86_64-fedora-clang | 0.11-5 | 129.79 | NOTE | |||
r-devel-linux-x86_64-fedora-gcc | 0.11-5 | 125.52 | NOTE | |||
r-patched-linux-x86_64 | 0.11-5 | 17.34 | 97.42 | 114.76 | NOTE | |
r-patched-solaris-x86 | 0.11-5 | 159.20 | NOTE | |||
r-release-linux-x86_64 | 0.11-5 | 15.33 | 95.35 | 110.68 | NOTE | |
r-release-windows-ix86+x86_64 | 0.11-5 | 32.00 | 145.00 | 177.00 | NOTE | |
r-release-osx-x86_64 | 0.11-5 | NOTE | ||||
r-oldrel-windows-ix86+x86_64 | 0.11-5 | 28.00 | 162.00 | 190.00 | NOTE | |
r-oldrel-osx-x86_64 | 0.11-5 | NOTE |
Version: 0.11-5
Check: package dependencies
Result: NOTE
Packages suggested but not available for checking:
'koRpus.lang.de', 'koRpus.lang.es', 'koRpus.lang.fr',
'koRpus.lang.it', 'koRpus.lang.ru'
Package which this enhances but not available for checking: 'rkward'
Flavors: r-devel-linux-x86_64-debian-clang, r-devel-linux-x86_64-debian-gcc, r-devel-linux-x86_64-fedora-clang, r-devel-linux-x86_64-fedora-gcc, r-patched-linux-x86_64, r-patched-solaris-x86, r-release-linux-x86_64, r-release-windows-ix86+x86_64, r-release-osx-x86_64
Version: 0.11-5
Check: package dependencies
Result: NOTE
Packages suggested but not available for checking:
'koRpus.lang.de' 'koRpus.lang.es' 'koRpus.lang.fr' 'koRpus.lang.it'
'koRpus.lang.ru'
Package which this enhances but not available for checking: 'rkward'
Flavors: r-oldrel-windows-ix86+x86_64, r-oldrel-osx-x86_64