CRAN Package Check Results for Package kyotil

Last updated on 2019-05-01 01:51:50 CEST.

Flavor Version Tinstall Tcheck Ttotal Status Flags
r-devel-linux-x86_64-debian-clang 2018.10-17 10.00 54.44 64.44 NOTE
r-devel-linux-x86_64-debian-gcc 2018.10-17 8.20 43.20 51.40 NOTE
r-devel-linux-x86_64-fedora-clang 2018.10-17 77.78 NOTE
r-devel-linux-x86_64-fedora-gcc 2018.10-17 73.60 NOTE
r-patched-linux-x86_64 2018.10-17 10.31 55.36 65.67 OK
r-patched-solaris-x86 2018.10-17 107.40 OK
r-release-linux-x86_64 2018.10-17 9.75 54.76 64.51 OK
r-release-windows-ix86+x86_64 2018.10-17 28.00 113.00 141.00 OK
r-release-osx-x86_64 2018.10-17 OK
r-oldrel-windows-ix86+x86_64 2018.10-17 27.00 106.00 133.00 OK
r-oldrel-osx-x86_64 2018.10-17 OK

Check Details

Version: 2018.10-17
Check: use of PKG_*FLAGS in Makefiles
Result: NOTE
     PKG_CXXFLAGS set in 'src/Makevars.win' without any corresponding files
Flavors: r-devel-linux-x86_64-debian-clang, r-devel-linux-x86_64-debian-gcc, r-devel-linux-x86_64-fedora-clang, r-devel-linux-x86_64-fedora-gcc