Last updated on 2019-05-01 01:51:51 CEST.
Flavor | Version | Tinstall | Tcheck | Ttotal | Status | Flags |
---|---|---|---|---|---|---|
r-devel-linux-x86_64-debian-clang | 2.8-3 | 17.15 | 207.02 | 224.17 | OK | |
r-devel-linux-x86_64-debian-gcc | 2.8-3 | 14.27 | 160.06 | 174.33 | OK | |
r-devel-linux-x86_64-fedora-clang | 2.8-3 | 268.92 | OK | |||
r-devel-linux-x86_64-fedora-gcc | 2.8-3 | 269.27 | OK | |||
r-patched-linux-x86_64 | 2.8-3 | 14.73 | 199.52 | 214.25 | OK | |
r-patched-solaris-x86 | 2.8-3 | 314.10 | NOTE | --no-build-vignettes | ||
r-release-linux-x86_64 | 2.8-3 | 16.36 | 211.84 | 228.20 | OK | |
r-release-windows-ix86+x86_64 | 2.8-3 | 53.00 | 393.00 | 446.00 | OK | |
r-release-osx-x86_64 | 2.8-3 | OK | ||||
r-oldrel-windows-ix86+x86_64 | 2.8-3 | 50.00 | 383.00 | 433.00 | OK | |
r-oldrel-osx-x86_64 | 2.8-3 | OK |
Version: 2.8-3
Flags: --no-build-vignettes
Check: compilation flags used
Result: NOTE
Compilation used the following non-portable flag(s):
‘-mt’
Flavor: r-patched-solaris-x86