CRAN Package Check Results for Package lgr

Last updated on 2019-05-01 01:51:51 CEST.

Flavor Version Tinstall Tcheck Ttotal Status Flags
r-devel-linux-x86_64-debian-clang 0.2.1 18.39 68.73 87.12 OK
r-devel-linux-x86_64-debian-gcc 0.2.1 15.63 55.85 71.48 OK
r-devel-linux-x86_64-fedora-clang 0.2.1 104.25 OK
r-devel-linux-x86_64-fedora-gcc 0.2.1 102.62 OK
r-patched-linux-x86_64 0.2.1 18.35 65.63 83.98 OK
r-patched-solaris-x86 0.2.1 143.00 NOTE
r-release-linux-x86_64 0.2.1 18.58 67.27 85.85 OK
r-release-windows-ix86+x86_64 0.2.1 35.00 110.00 145.00 OK
r-release-osx-x86_64 0.2.1 OK
r-oldrel-windows-ix86+x86_64 0.2.1 29.00 107.00 136.00 OK
r-oldrel-osx-x86_64 0.2.1 OK

Check Details

Version: 0.2.1
Check: package dependencies
Result: NOTE
    Package suggested but not available for checking: ‘RPostgres’
Flavor: r-patched-solaris-x86