Last updated on 2019-05-01 01:51:51 CEST.
Flavor | Version | Tinstall | Tcheck | Ttotal | Status | Flags |
---|---|---|---|---|---|---|
r-devel-linux-x86_64-debian-clang | 1.0 | 11.30 | 113.65 | 124.95 | OK | |
r-devel-linux-x86_64-debian-gcc | 1.0 | 8.04 | 89.76 | 97.80 | OK | |
r-devel-linux-x86_64-fedora-clang | 1.0 | 148.12 | OK | |||
r-devel-linux-x86_64-fedora-gcc | 1.0 | 138.80 | OK | |||
r-patched-linux-x86_64 | 1.0 | 9.17 | 110.92 | 120.09 | OK | |
r-patched-solaris-x86 | 1.0 | 272.20 | OK | |||
r-release-linux-x86_64 | 1.0 | 9.78 | 111.53 | 121.31 | OK | |
r-release-windows-ix86+x86_64 | 1.0 | 28.00 | 233.00 | 261.00 | OK | |
r-release-osx-x86_64 | 1.0 | FAIL | ||||
r-oldrel-windows-ix86+x86_64 | 1.0 | 19.00 | 226.00 | 245.00 | OK | |
r-oldrel-osx-x86_64 | 1.0 | OK |
Version: 1.0
Check: whether package can be installed
Result: FAIL
Flavor: r-release-osx-x86_64