Last updated on 2019-05-01 01:51:51 CEST.
Flavor | Version | Tinstall | Tcheck | Ttotal | Status | Flags |
---|---|---|---|---|---|---|
r-devel-linux-x86_64-debian-clang | 0.2-1 | 1.52 | 18.20 | 19.72 | NOTE | |
r-devel-linux-x86_64-debian-gcc | 0.2-1 | 1.39 | 15.46 | 16.85 | NOTE | |
r-devel-linux-x86_64-fedora-clang | 0.2-1 | 24.40 | NOTE | |||
r-devel-linux-x86_64-fedora-gcc | 0.2-1 | 23.32 | NOTE | |||
r-patched-linux-x86_64 | 0.2-1 | 1.78 | 18.72 | 20.50 | NOTE | |
r-patched-solaris-x86 | 0.2-1 | 39.20 | NOTE | |||
r-release-linux-x86_64 | 0.2-1 | 1.60 | 18.34 | 19.94 | NOTE | |
r-release-windows-ix86+x86_64 | 0.2-1 | 7.00 | 30.00 | 37.00 | NOTE | |
r-release-osx-x86_64 | 0.2-1 | NOTE | ||||
r-oldrel-windows-ix86+x86_64 | 0.2-1 | 3.00 | 38.00 | 41.00 | NOTE | |
r-oldrel-osx-x86_64 | 0.2-1 | NOTE |
Version: 0.2-1
Check: dependencies in R code
Result: NOTE
'library' or 'require' call to 'Rsymphony' in package code.
Please use :: or requireNamespace() instead.
See section 'Suggested packages' in the 'Writing R Extensions' manual.
Flavors: r-devel-linux-x86_64-debian-clang, r-devel-linux-x86_64-debian-gcc, r-devel-linux-x86_64-fedora-clang, r-devel-linux-x86_64-fedora-gcc, r-patched-linux-x86_64, r-patched-solaris-x86, r-release-linux-x86_64, r-release-windows-ix86+x86_64, r-release-osx-x86_64, r-oldrel-windows-ix86+x86_64, r-oldrel-osx-x86_64
Version: 0.2-1
Check: R code for possible problems
Result: NOTE
mipSolve.Rsymphony: no visible global function definition for
'Rsymphony_solve_LP'
Undefined global functions or variables:
Rsymphony_solve_LP
Flavors: r-devel-linux-x86_64-debian-clang, r-devel-linux-x86_64-debian-gcc, r-devel-linux-x86_64-fedora-clang, r-devel-linux-x86_64-fedora-gcc, r-patched-linux-x86_64, r-patched-solaris-x86, r-release-linux-x86_64, r-release-windows-ix86+x86_64, r-release-osx-x86_64, r-oldrel-windows-ix86+x86_64, r-oldrel-osx-x86_64
Version: 0.2-1
Check: package dependencies
Result: NOTE
Package suggested but not available for checking: ‘Rsymphony’
Flavors: r-patched-solaris-x86, r-release-osx-x86_64, r-oldrel-osx-x86_64