CRAN Package Check Results for Package lulcc

Last updated on 2019-05-01 01:51:52 CEST.

Flavor Version Tinstall Tcheck Ttotal Status Flags
r-devel-linux-x86_64-debian-clang 1.0.4 16.39 94.43 110.82 OK
r-devel-linux-x86_64-debian-gcc 1.0.4 14.03 73.45 87.48 OK
r-devel-linux-x86_64-fedora-clang 1.0.4 141.36 OK
r-devel-linux-x86_64-fedora-gcc 1.0.4 128.88 OK
r-patched-linux-x86_64 1.0.4 15.72 93.07 108.79 OK
r-patched-solaris-x86 1.0.4 196.90 OK
r-release-linux-x86_64 1.0.4 17.47 92.42 109.89 OK
r-release-windows-ix86+x86_64 1.0.4 45.00 193.00 238.00 OK
r-release-osx-x86_64 1.0.4 OK
r-oldrel-windows-ix86+x86_64 1.0.4 37.00 132.00 169.00 OK
r-oldrel-osx-x86_64 1.0.4 OK

Check Details

Version: 1.0.4
Check: examples
Result: FAIL
    
Flavor: r-release-osx-x86_64