CRAN Package Check Results for Package lwgeom

Last updated on 2019-05-01 01:51:52 CEST.

Flavor Version Tinstall Tcheck Ttotal Status Flags
r-devel-linux-x86_64-debian-clang 0.1-6 77.70 45.59 123.29 OK
r-devel-linux-x86_64-debian-gcc 0.1-6 54.51 37.04 91.55 OK
r-devel-linux-x86_64-fedora-clang 0.1-6 172.04 OK
r-devel-linux-x86_64-fedora-gcc 0.1-6 153.75 OK
r-patched-linux-x86_64 0.1-6 65.06 46.05 111.11 OK
r-patched-solaris-x86 0.1-6 214.80 OK
r-release-linux-x86_64 0.1-6 66.46 46.09 112.55 OK
r-release-windows-ix86+x86_64 0.1-6 330.00 156.00 486.00 NOTE
r-release-osx-x86_64 0.1-6 NOTE
r-oldrel-windows-ix86+x86_64 0.1-6 328.00 147.00 475.00 NOTE
r-oldrel-osx-x86_64 0.1-6 NOTE

Check Details

Version: 0.1-6
Check: installed package size
Result: NOTE
     installed size is 10.4Mb
     sub-directories of 1Mb or more:
     libs 5.3Mb
     proj 5.0Mb
Flavors: r-release-windows-ix86+x86_64, r-release-osx-x86_64, r-oldrel-windows-ix86+x86_64, r-oldrel-osx-x86_64