Last updated on 2019-05-01 01:51:52 CEST.
Flavor | Version | Tinstall | Tcheck | Ttotal | Status | Flags |
---|---|---|---|---|---|---|
r-devel-linux-x86_64-debian-clang | 0.0.3 | 5.65 | 52.47 | 58.12 | OK | |
r-devel-linux-x86_64-debian-gcc | 0.0.3 | 5.06 | 41.34 | 46.40 | OK | |
r-devel-linux-x86_64-fedora-clang | 0.0.3 | 71.80 | NOTE | |||
r-devel-linux-x86_64-fedora-gcc | 0.0.3 | 64.65 | NOTE | |||
r-patched-linux-x86_64 | 0.0.3 | 5.32 | 51.06 | 56.38 | OK | |
r-patched-solaris-x86 | 0.0.3 | 105.50 | NOTE | |||
r-release-linux-x86_64 | 0.0.3 | 5.41 | 51.05 | 56.46 | OK | |
r-release-windows-ix86+x86_64 | 0.0.3 | 23.00 | 106.00 | 129.00 | OK | |
r-release-osx-x86_64 | 0.0.3 | ERROR | ||||
r-oldrel-windows-ix86+x86_64 | 0.0.3 | 18.00 | 98.00 | 116.00 | OK | |
r-oldrel-osx-x86_64 | 0.0.3 | NOTE |
Version: 0.0.3
Check: dependencies in R code
Result: NOTE
Namespaces in Imports field not imported from:
‘Rcpp’ ‘cmprsk’ ‘colorspace’ ‘etm’ ‘fracdiff’ ‘gtable’ ‘munsell’
‘numDeriv’ ‘plyr’ ‘quadprog’ ‘scales’ ‘timeDate’ ‘tseries’ ‘zoo’
All declared Imports should be used.
Flavors: r-devel-linux-x86_64-fedora-clang, r-devel-linux-x86_64-fedora-gcc, r-patched-solaris-x86, r-oldrel-osx-x86_64
Version: 0.0.3
Check: package dependencies
Result: ERROR
Package required but not available: ‘ggseas’
See section ‘The DESCRIPTION file’ in the ‘Writing R Extensions’
manual.
Flavor: r-release-osx-x86_64