Last updated on 2019-05-01 01:51:52 CEST.
Flavor | Version | Tinstall | Tcheck | Ttotal | Status | Flags |
---|---|---|---|---|---|---|
r-devel-linux-x86_64-debian-clang | 0.2.1 | 345.12 | 38.80 | 383.92 | OK | |
r-devel-linux-x86_64-debian-gcc | 0.2.1 | 547.99 | 32.04 | 580.03 | OK | |
r-devel-linux-x86_64-fedora-clang | 0.2.1 | 560.00 | NOTE | |||
r-devel-linux-x86_64-fedora-gcc | 0.2.1 | 646.35 | NOTE | |||
r-patched-linux-x86_64 | 0.2.1 | 628.73 | 39.40 | 668.13 | OK | |
r-patched-solaris-x86 | 0.2.1 | 500.90 | NOTE | |||
r-release-linux-x86_64 | 0.2.1 | 609.24 | 39.15 | 648.39 | OK | |
r-release-windows-ix86+x86_64 | 0.2.1 | 911.00 | 133.00 | 1044.00 | NOTE | |
r-release-osx-x86_64 | 0.2.1 | NOTE | ||||
r-oldrel-windows-ix86+x86_64 | 0.2.1 | 906.00 | 116.00 | 1022.00 | NOTE | |
r-oldrel-osx-x86_64 | 0.2.1 | NOTE |
Version: 0.2.1
Check: installed package size
Result: NOTE
installed size is 40.1Mb
sub-directories of 1Mb or more:
doc 1.2Mb
htmlwidgets 1.5Mb
libs 36.0Mb
Flavors: r-devel-linux-x86_64-fedora-clang, r-patched-solaris-x86, r-release-windows-ix86+x86_64, r-release-osx-x86_64, r-oldrel-windows-ix86+x86_64, r-oldrel-osx-x86_64
Version: 0.2.1
Check: dependencies in R code
Result: NOTE
Namespace in Imports field not imported from: ‘htmltools’
All declared Imports should be used.
Flavors: r-devel-linux-x86_64-fedora-clang, r-devel-linux-x86_64-fedora-gcc, r-patched-solaris-x86, r-release-osx-x86_64, r-oldrel-osx-x86_64