Last updated on 2019-05-01 01:51:52 CEST.
Flavor | Version | Tinstall | Tcheck | Ttotal | Status | Flags |
---|---|---|---|---|---|---|
r-devel-linux-x86_64-debian-clang | 0.8.2 | 2.65 | 48.73 | 51.38 | OK | |
r-devel-linux-x86_64-debian-gcc | 0.8.2 | 2.13 | 38.52 | 40.65 | OK | |
r-devel-linux-x86_64-fedora-clang | 0.8.2 | 62.27 | NOTE | |||
r-devel-linux-x86_64-fedora-gcc | 0.8.2 | 57.33 | NOTE | |||
r-patched-linux-x86_64 | 0.8.2 | 2.28 | 47.50 | 49.78 | OK | |
r-patched-solaris-x86 | 0.8.2 | 62.20 | NOTE | |||
r-release-linux-x86_64 | 0.8.2 | 2.50 | 48.29 | 50.79 | OK | |
r-release-windows-ix86+x86_64 | 0.8.2 | 7.00 | 81.00 | 88.00 | OK | |
r-release-osx-x86_64 | 0.8.2 | NOTE | ||||
r-oldrel-windows-ix86+x86_64 | 0.8.2 | 5.00 | 81.00 | 86.00 | OK | |
r-oldrel-osx-x86_64 | 0.8.2 | NOTE |
Version: 0.8.2
Check: dependencies in R code
Result: NOTE
Namespace in Imports field not imported from: ‘lazyeval’
All declared Imports should be used.
Flavors: r-devel-linux-x86_64-fedora-clang, r-devel-linux-x86_64-fedora-gcc, r-patched-solaris-x86, r-release-osx-x86_64, r-oldrel-osx-x86_64