Last updated on 2019-05-01 01:51:52 CEST.
Flavor | Version | Tinstall | Tcheck | Ttotal | Status | Flags |
---|---|---|---|---|---|---|
r-devel-linux-x86_64-debian-clang | 1.0-1 | 168.85 | 133.37 | 302.22 | OK | |
r-devel-linux-x86_64-debian-gcc | 1.0-1 | 135.34 | 101.65 | 236.99 | OK | |
r-devel-linux-x86_64-fedora-clang | 1.0-1 | 445.67 | NOTE | |||
r-devel-linux-x86_64-fedora-gcc | 1.0-1 | 399.09 | OK | |||
r-patched-linux-x86_64 | 1.0-1 | 163.81 | 132.10 | 295.91 | OK | |
r-patched-solaris-x86 | 1.0-1 | 432.70 | NOTE | |||
r-release-linux-x86_64 | 1.0-1 | 153.04 | 134.81 | 287.85 | OK | |
r-release-windows-ix86+x86_64 | 1.0-1 | 453.00 | 234.00 | 687.00 | NOTE | |
r-release-osx-x86_64 | 1.0-1 | NOTE | ||||
r-oldrel-windows-ix86+x86_64 | 1.0-1 | 457.00 | 176.00 | 633.00 | NOTE | |
r-oldrel-osx-x86_64 | 1.0-1 | NOTE |
Version: 1.0-1
Check: installed package size
Result: NOTE
installed size is 13.9Mb
sub-directories of 1Mb or more:
java 3.3Mb
libs 9.4Mb
Flavors: r-devel-linux-x86_64-fedora-clang, r-patched-solaris-x86, r-release-windows-ix86+x86_64, r-release-osx-x86_64, r-oldrel-windows-ix86+x86_64, r-oldrel-osx-x86_64