CRAN Package Check Results for Package mazeinda

Last updated on 2019-05-01 01:51:52 CEST.

Flavor Version Tinstall Tcheck Ttotal Status Flags
r-devel-linux-x86_64-debian-clang 0.0.1 2.03 22.32 24.35 OK --no-vignettes
r-devel-linux-x86_64-debian-gcc 0.0.1 1.55 18.22 19.77 OK --no-vignettes
r-devel-linux-x86_64-fedora-clang 0.0.1 826.35 OK
r-devel-linux-x86_64-fedora-gcc 0.0.1 808.64 OK
r-patched-linux-x86_64 0.0.1 2.02 22.49 24.51 OK --no-vignettes
r-patched-solaris-x86 0.0.1 1007.60 OK
r-release-linux-x86_64 0.0.1 1.81 22.17 23.98 OK --no-vignettes
r-release-windows-ix86+x86_64 0.0.1 6.00 925.00 931.00 NOTE
r-release-osx-x86_64 0.0.1 OK
r-oldrel-windows-ix86+x86_64 0.0.1 4.00 973.00 977.00 NOTE
r-oldrel-osx-x86_64 0.0.1 OK

Check Details

Version: 0.0.1
Check: package dependencies
Result: NOTE
    Package suggested but not available for checking: 'doMC'
Flavors: r-release-windows-ix86+x86_64, r-oldrel-windows-ix86+x86_64