Last updated on 2019-05-01 01:51:52 CEST.
Flavor | Version | Tinstall | Tcheck | Ttotal | Status | Flags |
---|---|---|---|---|---|---|
r-devel-linux-x86_64-debian-clang | 0.4 | 16.08 | 128.40 | 144.48 | OK | |
r-devel-linux-x86_64-debian-gcc | 0.4 | 13.98 | 105.11 | 119.09 | OK | |
r-devel-linux-x86_64-fedora-clang | 0.4 | 173.35 | OK | |||
r-devel-linux-x86_64-fedora-gcc | 0.4 | 187.45 | OK | |||
r-patched-linux-x86_64 | 0.4 | 17.50 | 128.87 | 146.37 | OK | |
r-patched-solaris-x86 | 0.4 | 279.70 | OK | |||
r-release-linux-x86_64 | 0.4 | 16.45 | 129.39 | 145.84 | OK | |
r-release-windows-ix86+x86_64 | 0.4 | 41.00 | 168.00 | 209.00 | OK | |
r-release-osx-x86_64 | 0.4 | ERROR | ||||
r-oldrel-windows-ix86+x86_64 | 0.4 | 28.00 | 163.00 | 191.00 | OK | |
r-oldrel-osx-x86_64 | 0.4 | ERROR |
Version: 0.4
Check: package dependencies
Result: ERROR
Packages required but not available: 'EBImage', 'gWidgetsRGtk2'
See section ‘The DESCRIPTION file’ in the ‘Writing R Extensions’
manual.
Flavor: r-release-osx-x86_64
Version: 0.4
Check: package dependencies
Result: ERROR
Package required but not available: ‘gWidgetsRGtk2’
See section ‘The DESCRIPTION file’ in the ‘Writing R Extensions’
manual.
Flavor: r-oldrel-osx-x86_64