Last updated on 2019-05-01 01:51:53 CEST.
Flavor | Version | Tinstall | Tcheck | Ttotal | Status | Flags |
---|---|---|---|---|---|---|
r-devel-linux-x86_64-debian-clang | 1.0.6 | 32.79 | 254.63 | 287.42 | OK | |
r-devel-linux-x86_64-debian-gcc | 1.0.6 | 26.78 | 183.43 | 210.21 | OK | |
r-devel-linux-x86_64-fedora-clang | 1.0.6 | 331.83 | OK | |||
r-devel-linux-x86_64-fedora-gcc | 1.0.6 | 336.48 | OK | |||
r-patched-linux-x86_64 | 1.0.6 | 24.79 | 248.98 | 273.77 | OK | |
r-patched-solaris-x86 | 1.0.6 | 388.90 | OK | |||
r-release-linux-x86_64 | 1.0.6 | 30.09 | 247.99 | 278.08 | OK | |
r-release-windows-ix86+x86_64 | 1.0.6 | 96.00 | 425.00 | 521.00 | OK | |
r-release-osx-x86_64 | 1.0.6 | OK | ||||
r-oldrel-windows-ix86+x86_64 | 1.0.6 | 87.00 | 413.00 | 500.00 | OK | |
r-oldrel-osx-x86_64 | 1.0.6 | WARN |
Version: 1.0.6
Check: whether package can be installed
Result: WARN
Found the following significant warnings:
Note: possible error in 'dev_package_deps(pkgdir = system.file(package = "microsamplingDesign"), ': unused argument (pkgdir = system.file(package = "microsamplingDesign"))
See ‘/Volumes/SSD-Data/Builds/R-dev-web/QA/Simon/packages/el-capitan-x86_64/results/3.5/microsamplingDesign.Rcheck/00install.out’ for details.
Information on the location(s) of code generating the ‘Note’s can be
obtained by re-running with environment variable R_KEEP_PKG_SOURCE set
to ‘yes’.
Flavor: r-oldrel-osx-x86_64
Version: 1.0.6
Check: R code for possible problems
Result: NOTE
runMicrosamplingDesignApp: possible error in dev_package_deps(pkgdir =
system.file(package = "microsamplingDesign"), dependencies =
"Suggests"): unused argument (pkgdir = system.file(package =
"microsamplingDesign"))
Flavor: r-oldrel-osx-x86_64