Last updated on 2019-05-01 01:51:53 CEST.
Flavor | Version | Tinstall | Tcheck | Ttotal | Status | Flags |
---|---|---|---|---|---|---|
r-devel-linux-x86_64-debian-clang | 1.4 | 1.44 | 20.94 | 22.38 | NOTE | |
r-devel-linux-x86_64-debian-gcc | 1.4 | 1.25 | 17.78 | 19.03 | NOTE | |
r-devel-linux-x86_64-fedora-clang | 1.4 | 27.45 | NOTE | |||
r-devel-linux-x86_64-fedora-gcc | 1.4 | 27.12 | NOTE | |||
r-patched-linux-x86_64 | 1.4 | 1.47 | 21.39 | 22.86 | NOTE | |
r-patched-solaris-x86 | 1.4 | 47.20 | NOTE | |||
r-release-linux-x86_64 | 1.4 | 1.56 | 21.25 | 22.81 | NOTE | |
r-release-windows-ix86+x86_64 | 1.4 | 7.00 | 48.00 | 55.00 | NOTE | |
r-release-osx-x86_64 | 1.4 | NOTE | ||||
r-oldrel-windows-ix86+x86_64 | 1.4 | 5.00 | 52.00 | 57.00 | NOTE | |
r-oldrel-osx-x86_64 | 1.4 | NOTE |
Version: 1.4
Check: package namespace information
Result: NOTE
Namespace with empty importFrom: 'gee'
Flavors: r-devel-linux-x86_64-debian-clang, r-devel-linux-x86_64-debian-gcc, r-devel-linux-x86_64-fedora-clang, r-devel-linux-x86_64-fedora-gcc, r-patched-linux-x86_64, r-patched-solaris-x86, r-release-linux-x86_64, r-release-windows-ix86+x86_64, r-release-osx-x86_64, r-oldrel-windows-ix86+x86_64, r-oldrel-osx-x86_64
Version: 1.4
Check: DESCRIPTION meta-information
Result: NOTE
Malformed Description field: should contain one or more complete sentences.
Flavors: r-devel-linux-x86_64-debian-clang, r-devel-linux-x86_64-debian-gcc, r-devel-linux-x86_64-fedora-clang, r-devel-linux-x86_64-fedora-gcc, r-patched-linux-x86_64, r-patched-solaris-x86, r-release-linux-x86_64, r-release-windows-ix86+x86_64, r-release-osx-x86_64, r-oldrel-windows-ix86+x86_64, r-oldrel-osx-x86_64
Version: 1.4
Check: R code for possible problems
Result: NOTE
mmm: no visible global function definition for 'model.frame'
mmm: no visible global function definition for 'model.matrix'
mmm: no visible global function definition for 'model.response'
mmm: no visible global function definition for 'as.formula'
mmm: no visible global function definition for 'gee'
Undefined global functions or variables:
as.formula gee model.frame model.matrix model.response
Consider adding
importFrom("stats", "as.formula", "model.frame", "model.matrix",
"model.response")
to your NAMESPACE file.
Flavors: r-devel-linux-x86_64-debian-clang, r-devel-linux-x86_64-debian-gcc, r-devel-linux-x86_64-fedora-clang, r-devel-linux-x86_64-fedora-gcc, r-patched-linux-x86_64, r-patched-solaris-x86, r-release-linux-x86_64, r-release-windows-ix86+x86_64, r-release-osx-x86_64, r-oldrel-windows-ix86+x86_64, r-oldrel-osx-x86_64