CRAN Package Check Results for Package modeest

Last updated on 2019-05-01 01:51:53 CEST.

Flavor Version Tinstall Tcheck Ttotal Status Flags
r-devel-linux-x86_64-debian-clang 2.3.3 18.08 152.71 170.79 OK
r-devel-linux-x86_64-debian-gcc 2.3.3 16.98 126.03 143.01 OK
r-devel-linux-x86_64-fedora-clang 2.3.3 221.81 NOTE
r-devel-linux-x86_64-fedora-gcc 2.3.3 216.92 NOTE
r-patched-linux-x86_64 2.3.3 17.71 156.68 174.39 OK
r-patched-solaris-x86 2.3.3 316.50 NOTE
r-release-linux-x86_64 2.3.3 19.72 153.47 173.19 OK
r-release-windows-ix86+x86_64 2.3.3 47.00 202.00 249.00 OK
r-release-osx-x86_64 2.3.3 ERROR
r-oldrel-windows-ix86+x86_64 2.3.3 29.00 194.00 223.00 OK
r-oldrel-osx-x86_64 2.3.3 NOTE

Check Details

Version: 2.3.3
Check: dependencies in R code
Result: NOTE
    Namespace in Imports field not imported from: ‘bazar’
     All declared Imports should be used.
Flavors: r-devel-linux-x86_64-fedora-clang, r-devel-linux-x86_64-fedora-gcc, r-patched-solaris-x86, r-oldrel-osx-x86_64

Version: 2.3.3
Check: package dependencies
Result: ERROR
    Package required but not available: ‘genefilter’
    
    See section ‘The DESCRIPTION file’ in the ‘Writing R Extensions’
    manual.
Flavor: r-release-osx-x86_64