Last updated on 2019-05-01 01:51:54 CEST.
Flavor | Version | Tinstall | Tcheck | Ttotal | Status | Flags |
---|---|---|---|---|---|---|
r-devel-linux-x86_64-debian-clang | 0.2.0 | 2.51 | 23.30 | 25.81 | OK | |
r-devel-linux-x86_64-debian-gcc | 0.2.0 | 2.24 | 19.48 | 21.72 | OK | |
r-devel-linux-x86_64-fedora-clang | 0.2.0 | 33.36 | NOTE | |||
r-devel-linux-x86_64-fedora-gcc | 0.2.0 | 31.93 | NOTE | |||
r-patched-linux-x86_64 | 0.2.0 | 2.50 | 23.56 | 26.06 | OK | |
r-patched-solaris-x86 | 0.2.0 | 46.60 | NOTE | |||
r-release-linux-x86_64 | 0.2.0 | 2.11 | 23.19 | 25.30 | OK | |
r-release-windows-ix86+x86_64 | 0.2.0 | 7.00 | 61.00 | 68.00 | OK | |
r-release-osx-x86_64 | 0.2.0 | NOTE | ||||
r-oldrel-windows-ix86+x86_64 | 0.2.0 | 4.00 | 44.00 | 48.00 | OK | |
r-oldrel-osx-x86_64 | 0.2.0 | NOTE |
Version: 0.2.0
Check: dependencies in R code
Result: NOTE
Namespace in Imports field not imported from: ‘ratelimitr’
All declared Imports should be used.
Flavors: r-devel-linux-x86_64-fedora-clang, r-devel-linux-x86_64-fedora-gcc, r-patched-solaris-x86, r-release-osx-x86_64, r-oldrel-osx-x86_64