Last updated on 2019-05-01 01:51:54 CEST.
Flavor | Version | Tinstall | Tcheck | Ttotal | Status | Flags |
---|---|---|---|---|---|---|
r-devel-linux-x86_64-debian-clang | 3.2.2 | 11.03 | 276.52 | 287.55 | OK | --no-vignettes |
r-devel-linux-x86_64-debian-gcc | 3.2.2 | 9.13 | 222.51 | 231.64 | OK | --no-vignettes |
r-devel-linux-x86_64-fedora-clang | 3.2.2 | 412.03 | OK | --no-vignettes | ||
r-devel-linux-x86_64-fedora-gcc | 3.2.2 | 381.34 | OK | --no-vignettes | ||
r-patched-linux-x86_64 | 3.2.2 | 11.02 | 262.12 | 273.14 | OK | --no-vignettes |
r-patched-solaris-x86 | 3.2.2 | 787.90 | OK | --no-vignettes | ||
r-release-linux-x86_64 | 3.2.2 | 12.05 | 256.69 | 268.74 | OK | --no-vignettes |
r-release-windows-ix86+x86_64 | 3.2.2 | 25.00 | 365.00 | 390.00 | OK | --no-vignettes |
r-release-osx-x86_64 | 3.2.2 | FAIL | ||||
r-oldrel-windows-ix86+x86_64 | 3.2.2 | 18.00 | 373.00 | 391.00 | OK | --no-vignettes |
r-oldrel-osx-x86_64 | 3.2.2 | FAIL |
Version: 3.2.2
Check: re-building of vignette outputs
Result: FAIL
Flavors: r-release-osx-x86_64, r-oldrel-osx-x86_64