CRAN Package Check Results for Package mpcv

Last updated on 2019-05-01 01:51:54 CEST.

Flavor Version Tinstall Tcheck Ttotal Status Flags
r-devel-linux-x86_64-debian-clang 1.1 1.83 21.24 23.07 NOTE
r-devel-linux-x86_64-debian-gcc 1.1 1.38 17.66 19.04 NOTE
r-devel-linux-x86_64-fedora-clang 1.1 27.99 NOTE
r-devel-linux-x86_64-fedora-gcc 1.1 27.36 NOTE
r-patched-linux-x86_64 1.1 1.82 21.43 23.25 NOTE
r-patched-solaris-x86 1.1 44.00 NOTE
r-release-linux-x86_64 1.1 1.75 21.27 23.02 NOTE
r-release-windows-ix86+x86_64 1.1 8.00 36.00 44.00 NOTE
r-release-osx-x86_64 1.1 NOTE
r-oldrel-windows-ix86+x86_64 1.1 3.00 32.00 35.00 NOTE
r-oldrel-osx-x86_64 1.1 NOTE

Check Details

Version: 1.1
Check: R code for possible problems
Result: NOTE
    mpcv: no visible binding for global variable 'median'
    mpcv: no visible global function definition for 'cov'
    mpcv: no visible global function definition for 'dist'
    plot.mpcv: no visible binding for global variable 'median'
    plot.mpcv: no visible global function definition for 'par'
    plot.mpcv: no visible global function definition for 'plot'
    plot.mpcv: no visible global function definition for 'rect'
    plot.mpcv: no visible global function definition for 'lines'
    plot.mpcv: no visible global function definition for 'points'
    plot.mpcv: no visible global function definition for 'legend'
    Undefined global functions or variables:
     cov dist legend lines median par plot points rect
    Consider adding
     importFrom("graphics", "legend", "lines", "par", "plot", "points",
     "rect")
     importFrom("stats", "cov", "dist", "median")
    to your NAMESPACE file.
Flavors: r-devel-linux-x86_64-debian-clang, r-devel-linux-x86_64-debian-gcc, r-devel-linux-x86_64-fedora-clang, r-devel-linux-x86_64-fedora-gcc, r-patched-linux-x86_64, r-patched-solaris-x86, r-release-linux-x86_64, r-release-windows-ix86+x86_64, r-release-osx-x86_64, r-oldrel-windows-ix86+x86_64, r-oldrel-osx-x86_64